ainder when 666 is divided by 34?
20
Calculate the remainder when 648 is divided by 130.
128
What is the remainder when 488 is divided by 98?
96
Calculate the remainder when 1817 is divided by 114.
107
What is the remainder when 8 is divided by 7?
1
What is the remainder when 157 is divided by 54?
49
Calculate the remainder when 145 is divided by 87.
58
What is the remainder when 250 is divided by 20?
10
What is the remainder when 36 is divided by 34?
2
What is the remainder when 409 is divided by 40?
9
Calculate the remainder when 3301 is divided by 36.
25
Calculate the remainder when 200 is divided by 29.
26
Calculate the remainder when 108 is divided by 36.
0
What is the remainder when 204 is divided by 88?
28
What is the remainder when 352 is divided by 132?
88
What is the remainder when 4282 is divided by 18?
16
What is the remainder when 4793 is divided by 22?
19
Calculate the remainder when 598 is divided by 76.
66
What is the remainder when 68 is divided by 63?
5
Calculate the remainder when 2098 is divided by 35.
33
What is the remainder when 276 is divided by 123?
30
Calculate the remainder when 12196 is divided by 114.
112
Calculate the remainder when 223 is divided by 71.
10
What is the remainder when 298 is divided by 57?
13
Calculate the remainder when 1401 is divided by 128.
121
Calculate the remainder when 294 is divided by 74.
72
Calculate the remainder when 444 is divided by 210.
24
Calculate the remainder when 652 is divided by 645.
7
What is the remainder when 882 is divided by 128?
114
Calculate the remainder when 2321 is divided by 391.
366
What is the remainder when 2497 is divided by 21?
19
Calculate the remainder when 519 is divided by 35.
29
What is the remainder when 127 is divided by 60?
7
What is the remainder when 479 is divided by 97?
91
What is the remainder when 484 is divided by 119?
8
Calculate the remainder when 30 is divided by 9.
3
Calculate the remainder when 81452 is divided by 19.
18
Calculate the remainder when 92 is divided by 32.
28
Calculate the remainder when 189 is divided by 49.
42
What is the remainder when 1260 is divided by 25?
10
Calculate the remainder when 1281 is divided by 49.
7
What is the remainder when 3349 is divided by 1111?
16
Calculate the remainder when 60 is divided by 11.
5
Calculate the remainder when 372 is divided by 119.
15
What is the remainder when 7138 is divided by 28?
26
What is the remainder when 646 is divided by 22?
8
What is the remainder when 123 is divided by 30?
3
What is the remainder when 58 is divided by 29?
0
Calculate the remainder when 3048 is divided by 61.
59
What is the remainder when 301 is divided by 77?
70
What is the remainder when 177 is divided by 36?
33
What is the remainder when 264 is divided by 16?
8
Calculate the remainder when 51 is divided by 16.
3
What is the remainder when 1835 is divided by 36?
35
What is the remainder when 121 is divided by 14?
9
What is the remainder when 46 is divided by 16?
14
Calculate the remainder when 569 is divided by 312.
257
What is the remainder when 180 is divided by 8?
4
Calculate the remainder when 232 is divided by 78.
76
What is the remainder when 133 is divided by 16?
5
Calculate the remainder when 182 is divided by 11.
6
Calculate the remainder when 495 is divided by 71.
69
What is the remainder when 395 is divided by 11?
10
What is the remainder when 587 is divided by 10?
7
What is the remainder when 53 is divided by 6?
5
Calculate the remainder when 1101 is divided by 8.
5
What is the remainder when 250 is divided by 25?
0
Calculate the remainder when 476 is divided by 22.
14
Calculate the remainder when 211 is divided by 71.
69
What is the remainder when 76 is divided by 39?
37
What is the remainder when 81 is divided by 42?
39
Calculate the remainder when 352 is divided by 174.
4
What is the remainder when 526 is divided by 36?
22
What is the remainder when 167 is divided by 81?
5
What is the remainder when 96 is divided by 33?
30
Calculate the remainder when 204 is divided by 75.
54
Calculate the remainder when 221 is divided by 51.
17
Calculate the remainder when 333 is divided by 89.
66
Calculate the remainder when 113 is divided by 71.
42
Calculate the remainder when 825 is divided by 59.
58
Calculate the remainder when 45 is divided by 14.
3
What is the remainder when 7508 is divided by 10?
8
Calculate the remainder when 68 is divided by 20.
8
What is the remainder when 199 is divided by 48?
7
What is the remainder when 2079 is divided by 16?
15
Calculate the remainder when 595 is divided by 191.
22
Calculate the remainder when 81 is divided by 48.
33
What is the remainder when 306 is divided by 286?
20
Calculate the remainder when 77 is divided by 16.
13
What is the remainder when 10814 is divided by 16?
14
What is the remainder when 1977 is divided by 45?
42
Calculate the remainder when 38 is divided by 24.
14
What is the remainder when 481 is divided by 5?
1
What is the remainder when 34 is divided by 13?
8
Calculate the remainder when 1726 is divided by 75.
1
What is the remainder when 783 is divided by 16?
15
Calculate the remainder when 180 is divided by 3.
0
Calculate the remainder when 196 is divided by 56.
28
Calculate the remainder when 321 is divided by 32.
1
What is the remainder when 19 is divided by 7?
5
What is the remainder when 45 is divided by 24?
21
Calculate the remainder when 278 is divided by 33.
14
What is the remainder when 71158 is divided by 11?
10
Calculate the remainder when 150 is divided by 17.
14
What is the remainder when 6 is divided by 4?
2
What is the remainder when 874 is divided by 128?
106
Calculate the remainder when 74 is divided by 42.
32
Calculate the remainder when 967 is divided by 244.
235
Calculate the remainder when 30 is divided by 5.
0
Calculate the remainder when 778 is divided by 103.
57
What is the remainder when 214 is divided by 32?
22
What is the remainder when 189 is divided by 59?
12
Calculate the remainder when 162 is divided by 110.
52
Calculate the remainder when 510 is divided by 25.
10
What is the remainder when 2717 is divided by 17?
14
Calculate the remainder when 90 is divided by 17.
5
What is the remainder when 2268 is divided by 381?
363
Calculate the remainder when 239 is divided by 6.
5
Calculate the remainder when 653 is divided by 73.
69
What is the remainder when 87 is divided by 21?
3
What is the remainder when 1917 is divided by 32?
29
Calculate the remainder when 1338 is divided by 122.
118
Calculate the remainder when 3609 is divided by 179.
29
What is the remainder when 215 is divided by 54?
53
Calculate the remainder when 145 is divided by 37.
34
Calculate the remainder when 490 is divided by 89.
45
What is the remainder when 2037 is divided by 102?
99
Calculate the remainder when 2303 is divided by 22.
15
What is the remainder when 123 is divided by 119?
4
Calculate the remainder when 773 is divided by 167.
105
Calculate the remainder when 470 is divided by 153.
11
What is the remainder when 423 is divided by 60?
3
Calculate the remainder when 2588 is divided by 72.
68
What is the remainder when 48 is divided by 29?
19
What is the remainder when 58 is divided by 8?
2
Calculate the remainder when 216 is divided by 22.
18
Calculate the remainder when 103 is divided by 6.
1
What is the remainder when 360 is divided by 93?
81
What is the remainder when 2559 is divided by 135?
129
Calculate the remainder when 195 is divided by 9.
6
Calculate the remainder when 467 is divided by 10.
7
Calculate the remainder when 643 is divided by 18.
13
What is the remainder when 528 is divided by 49?
38
What is the remainder when 156 is divided by 43?
27
Calculate the remainder when 43 is divided by 29.
14
Calculate the remainder when 661 is divided by 21.
10
What is the remainder when 1597 is divided by 11?
2
What is the remainder when 382 is divided by 129?
124
Calculate the remainder when 193 is divided by 64.
1
Calculate the remainder when 4832 is divided by 59.
53
Calculate the remainder when 2991 is divided by 1490.
11
What is the remainder when 299 is divided by 294?
5
Calculate the remainder when 517 is divided by 172.
1
What is the remainder when 1908 is divided by 5?
3
What is the remainder when 94 is divided by 32?
30
Wha